*k - 9, 0 = -3*i - 3*k + 39. Suppose 5*r + 47 = -2*t - t, 2*r = t + i. Let o = t - -21. What is the units digit of o?
7
Suppose 2*t - 4*g - 82 = 0, g - 3*g = -3*t + 111. What is the tens digit of t?
3
Suppose -p + 22 = -0*p. Suppose 4*m + p = 86. What is the units digit of m?
6
Let t be ((-1)/(-2))/((-11)/(-44)). Suppose 9*g - 180 = 4*g. Suppose -t*h = -5*b + h + g, 8 = -4*h. What is the units digit of b?
6
Suppose i - 80 = -3*i. Suppose -2*d + i = -2*w, -d - w + 2 = -8. What is the units digit of d?
0
Let m(p) be the first derivative of p**3/3 - 4*p**2 + 8*p + 1. Let l be m(7). Suppose a + l = 7. What is the units digit of a?
6
Let h = 52 + -12. What is the tens digit of h?
4
What is the units digit of (-364)/(-49) + 9/(-21)?
7
Let m be (8 + 1)*(-3 - -2). Let j = 10 + m. What is the units digit of j?
1
Let a = -58 - -82. What is the tens digit of a?
2
Let i = 739 + -426. What is the hundreds digit of i?
3
Suppose 4*h - 66 = -2. What is the units digit of h?
6
Suppose 0 = 4*s - 5*r - 15, -4*r - 1 = -5*r. Suppose s*q + 38 + 2 = 0. Let n = -4 - q. What is the units digit of n?
4
Let s be (0 - 1) + (-3 - -4). Let m be -2*(s + (-3)/6). Let c = 10 - m. What is the units digit of c?
9
Suppose -3*n + 109 = -2*d + 41, 3*n + 4*d - 98 = 0. What is the tens digit of n?
2
Let d(m) = -m**2 - 7*m - 4. Let u be 1 - 2 - (6 - 1). What is the units digit of d(u)?
2
Let j = 271 - 74. What is the tens digit of j?
9
Let m be (8/(-6))/(12/(-18)). Suppose x = -0*x - 2, -m = w + 4*x. What is the units digit of w?
6
What is the hundreds digit of (1302/7)/(3 + 6/(-4))?
1
Let m = -13 + 19. Let j = m + -3. What is the units digit of j?
3
Suppose 2*x - 138 = -2*d, -4*d + x + x = -306. What is the units digit of d?
4
What is the tens digit of 55/1 + -1*(-2 + 3)?
5
Suppose 0 = -2*z - 5 + 61. What is the tens digit of z?
2
Let r = -132 + 273. What is the hundreds digit of r?
1
Let b = 5 - -3. Let i be 69/15 - (-4)/10. Suppose i*p - w = b, -4*w = 3*p - 3*w - 8. What is the units digit of p?
2
Let a be 50/15 - 4/(-6). Let l = a - 5. Let k = 5 - l. What is the units digit of k?
6
Suppose -4*y + 5*k + 14 = 0, 4*k + 3 + 2 = -3*y. Let r = 12 + y. Suppose 3 = -5*q + r. What is the units digit of q?
2
Let a = 53 + -16. Let t = -26 + a. What is the units digit of t?
1
Let g = 12 + -9. Suppose 2*f - 87 = -3*r + 5*f, 0 = g*r + 3*f - 87. What is the units digit of r?
9
Let z(t) = -t**2 + 3*t. Let u be z(2). Suppose -5*s + 35 = 5*b, 27 = 4*b + 5*s - 5. Suppose b = w + u*w. What is the units digit of w?
1
Let z(k) = -6*k + 5. Let a be z(4). Let m = a + 9. What is the units digit of (-72)/m + (-3)/15?
7
Suppose w + 11 = 3*y, -y = -w + 4*y - 19. Let u(f) be the third derivative of f**4/24 - 2*f**2. What is the units digit of u(w)?
1
Suppose -2*j = -3*f + 46, -2*j - 5*f - 22 - 24 = 0. Let g = -16 - j. What is the units digit of (1 + 0)/(1/g)?
7
Let r(y) = -y**2 + 10*y - 9. Let t be r(9). Suppose -2*x - 60 = -3*c + x, t = 4*c - 3*x - 81. What is the units digit of c?
1
What is the units digit of 2*((-55)/(-2) - 3)?
9
Suppose -2*r = -12 - 14. Suppose 4*a = -0*a + 104. Let x = a - r. What is the units digit of x?
3
Suppose 5*x - 14 = 2*h, 2*h + 2*h = 4*x - 4. What is the units digit of 1/3 - x/(-6)?
1
Suppose -4*s = 38 + 18. What is the units digit of -12*(1 + s/6)?
6
Let k = -24 - -74. What is the tens digit of k?
5
What is the units digit of (-2)/(-1 - (-2)/4)?
4
Suppose x + 12 = -2*d + 1, -4*x - 20 = 0. What is the units digit of -4*d/(-6)*-2?
4
Let x(r) = -r**2 - r + 7. What is the units digit of x(0)?
7
Suppose -3*i = -1116 + 342. What is the units digit of i?
8
Suppose -d + 36 = 3*d. Suppose 2*t - 35 - d = 0. What is the tens digit of t?
2
Let r be 1/(47/23 - 2). Suppose -g - b = -18, g = -3*b + b + r. What is the tens digit of g?
1
Suppose 9 + 6 = h. What is the tens digit of 3/h + (-207)/(-15)?
1
Let d(c) = c**2 + 7*c + 4. Let j be d(-6). What is the units digit of 1 - j/(2/2)?
3
Let k(z) = 3*z**2 + 2*z + 1. Let x be k(-1). Suppose x*r - 32 = 5*n, -2*r + n = -r - 13. What is the tens digit of r?
1
Suppose 0*x - 52 = -u - 5*x, 2*x = -6. What is the tens digit of u?
6
Let c = 12 - -13. What is the units digit of c?
5
Let x be (-10)/(-6) + 2/6. Suppose 4*f - 6 = -x*g, -10 = -2*g - 0*g. What is the units digit of f/(1/6*-1)?
6
Suppose 3*m - 6 - 1 = -5*d, -12 = -4*d + 4*m. Suppose -100 = -5*g - 5*w, -5*g - d*w + 60 = -49. What is the tens digit of g?
2
Let f(u) be the third derivative of u**4/24 + u**3/6 - u**2. Let m be f(6). Suppose 3*v - 19 = -m. What is the units digit of v?
4
Let s(c) = -c + 1. Let h be s(-1). Suppose h*l + 54 = 5*l. What is the tens digit of l?
1
Suppose -2*a - 2*a + 216 = 0. Suppose -3*n - 4*s = -0*n + 39, 3*s + a = -5*n. What is the units digit of ((-2)/6)/(3/n)?
1
Suppose 0*k + 5*k + 2*a + 25 = 0, 5*k - 10 = 5*a. Let o(g) = -4*g. Let u(h) = 4*h + 1. Let y(s) = k*o(s) - 2*u(s). What is the units digit of y(4)?
4
Suppose -10*u + 1688 - 668 = 0. What is the tens digit of u?
0
Let a be -3 + 68 + 0 + 1. Let o = -44 + a. What is the tens digit of o?
2
Suppose 0 = 2*p - p - 54. Suppose 51 + p = 5*v. What is the units digit of v?
1
Suppose 0 = 4*u - 0*v + 5*v + 332, 4*u - 5*v + 332 = 0. What is the units digit of u/(-4) - (-2)/8?
1
Suppose -3 = -u + 3. Let f = 10 - u. What is the units digit of f?
4
Suppose -47 - 16 = -3*x. Suppose f - 3*y - x = 0, 0 = 3*f - 5*f + y + 17. What is the units digit of f?
6
Let g be -1 - (6 - 0)/3. Let x be 30/(-4)*(5 + g). Let f = 25 + x. What is the units digit of f?
0
Let t(d) = 2*d + 9. Let u(r) = -r - 8. Let v(p) = -3*t(p) - 4*u(p). What is the units digit of v(-6)?
7
Suppose 493 + 242 = 7*y. What is the hundreds digit of y?
1
Suppose 0 = 4*y + 4*f - 340, 0 = -4*f - f. What is the tens digit of y?
8
Suppose -p + 5*p = 2*v - 20, -p = -5*v + 59. What is the tens digit of (v/10)/(27/450)?
2
Suppose -3*h = 9, -5*h + 0*h + 1340 = 5*g. What is the tens digit of g?
7
Let x = -21 + 37. What is the tens digit of x?
1
Suppose -2*k = -5*k + 105. Suppose 0 = -4*m - 3*o + k, 18 - 6 = -4*o. What is the tens digit of m?
1
Suppose -4*a = -0*a - 136. Let q = a + -13. What is the tens digit of q?
2
Suppose -m = 0, i - m - 5 = m. Suppose 5*l = -5*x + 155, 0 = i*x + 4*l - 87 - 63. What is the tens digit of x?
2
Let k(c) = c. Let n(q) = -q**2 - 8*q - 5. Let r(h) = -3*k(h) + n(h). Let f be r(-7). Suppose 12 = 5*b - f. What is the units digit of b?
7
Suppose 2*w - 43 = -h, -5*w - 2*h + 105 = 3*h. What is the units digit of w?
2
Let i(r) = -2*r**2 - 4*r + 10. Let c be i(-7). Let j = -41 - c. What is the tens digit of j?
1
Let w be 28*((-9)/6 - -2). Let t be (-3)/6*w/1. Let b = -4 - t. What is the units digit of b?
3
Suppose 5*j + 13 = -2. Let g(b) = b**3 + 4*b**2 + 3*b + 4. Let m be g(j). Suppose m*x + 6 = 66. What is the tens digit of x?
1
Let o = 1 - -5. What is the units digit of o?
6
What is the units digit of (2 + 148/(-20))*-5?
7
Let g(h) = -h**3 - 2*h**2 + h - 2. Let m be g(-3). Let j(k) = k + 7. Let r be j(-5). Suppose 0*a - m = -r*a. What is the units digit of a?
2
Let l(w) be the third derivative of w**4/24 - 2*w**3/3 + w**2. Let a be l(6). What is the units digit of (15/6)/(a/4)?
5
Let n = 0 + 4. Let r = 35 - n. What is the tens digit of r?
3
Let q = -3 - -5. Suppose -3*f - 2*r + 80 = q*f, -5*f + 75 = r. What is the tens digit of f?
1
Suppose 3*k + 2*k - 5*z + 105 = 0, -4*k - 120 = 5*z. Let m = -17 - k. What is the units digit of m?
8
Let n(x) = x. Let v(l) = 4*l - 1. Let k(d) = 26*n(d) - 6*v(d). Let p be k(-9). What is the units digit of (1*-3)/6*p?
6
Suppose h + 3*q - 3 = -h, 4*h + q - 31 = 0. Let c be (6 - (3 - -1))/1. Let r = h - c. What is the units digit of r?
7
Suppose d + 28 = -3*d. Let n = d + 12. What is the units digit of n?
5
Let x(b) = 22*b - 8*b + 3*b**3 - 9*b - 4*b**2 - 3. What is the tens digit of x(3)?
5
Let i(c) = 4*c - c**2 + 2*c + 2 + 2*c**2. Let v(s) = s + 2. Let h be v(-9). What is the units digit of i(h)?
9
Let d(z) = 1. Let t(q) = q + 1. Let c(y) = -d(y) + 2*t(y). What is the units digit of c(9)?
9
Suppose -22 = 3*z + 4*h, 4*z - 3*z - 4*h - 14 = 0. Suppose 2*d - 6*d = 12. Let x = z - d. What is the units digit of x?
1
Let v(j) = -2 - 3*j + 7*j**2 + 0*j**3 - 1 + j**3 + 4*j. What is the tens digit of v(-6)?
2
Suppose 4*d - 88